 the second derivative of -1/12*m**4 - 6*m**2 + 1/6*m**3 - o*m + 0. What is a(0)?
-12
Suppose -2*o + 20*y - 18*y = -22, -3*y = o - 3. Let f be (5 + -9 - 8/(-4)) + o. Let t(b) = -6 - 5*b - 4*b**2 + b + 5*b**2. Calculate t(f).
15
Suppose -266*n + 3*u = -268*n - 21, -6*u = 54. Let b = -1 + 6. Let i(g) = 5 - 3 + b*g - 3. Calculate i(n).
14
Let n = -28557 + 28563. Let u(g) = 12*g - 46. What is u(n)?
26
Let h = -10177 + 10179. Let u(i) = -12*i - 7. What is u(h)?
-31
Let t = -4257 - -4244. Let f(o) = -o**2 - 14*o - 15. Give f(t).
-2
Let w = 338 - 325. Let a(h) = -5 - h**3 + 7*h**2 + 2 + w*h - 10*h - 7*h. Determine a(4).
29
Let s(z) = 2*z**3 + 14*z**2 + z - 19. Let v(u) = 5*u**3 + 39*u**2 + 3*u - 53. Let i(d) = 8*s(d) - 3*v(d). Suppose 0 = -4*k - 8, -h - 3*k = -4*k - 7. Give i(h).
2
Suppose -52*h - 283 = -127. Let g(c) = 29*c + 3. Determine g(h).
-84
Let g(u) = u**2 + 18*u - 112. Let i be g(-23). Let v(k) = -k**3 + 4*k**2 + 5*k + 5. Let d be v(5). Let r(c) = -d*c + 8*c - c. Calculate r(i).
6
Let r(i) be the first derivative of i**3/3 + 9*i**2 + 39*i + 453. Determine r(-15).
-6
Let n(b) = b**2 + 2. Let f be n(-2). Suppose -8 = -4*s, 2*z + 3*s = -0*z + 2920. Let w(x) = -1455*x + z*x - 3 - 3. Give w(f).
6
Let q(r) = 372*r**2 + 25*r + 41. Let y(v) = -203*v**2 - 12*v - 20. Let z(a) = 6*q(a) + 11*y(a). Calculate z(19).
7
Let n be 3 + ((-6)/8)/((-14)/56). Let u(m) = -2*m**2 + 9*m**2 - 9 + m - 2 + 2 - n*m**2. Determine u(0).
-9
Let l(b) = 7*b**2 + 2*b + 9. Let c(o) = -6*o**2 - 2*o - 8. Let f(r) = 12*c(r) + 11*l(r). What is f(2)?
19
Let d(h) = h**3 + 12*h**2 + 263*h + 2420. Let s be d(-10). Let c(o) be the second derivative of -o**3/3 - 15*o**2/2 - o. What is c(s)?
5
Let u(n) = 3*n - 1. Let o be (-1)/(20/95)*20. Let r = o - -101. Suppose r = -7*a + 10*a. Determine u(a).
5
Let m(x) be the third derivative of 0*x + 8/3*x**3 - 64*x**2 + 0 - 1/24*x**4. Calculate m(17).
-1
Suppose 2*n = -3*j - 13, -9*n + 4*n = -4*j + 21. Let d(b) be the first derivative of -7*b**2 - b + 9 + 5 - 5. Determine d(j).
13
Suppose -10 = -z - 5*a, -2 = 3*z + a - 2*a. Suppose -4*i - 14 = 2*d, -5*i = 2*d - z*d + 19. Let u(w) = w**3 + 5*w**2 + 2*w - 6. What is u(i)?
-16
Let q be (-2 - (-36)/4) + (1 - 2). Let i(m) = -q*m**2 - 10*m + 5 + 8*m**2 - 2. Determine i(7).
31
Let o(m) = 103*m - 92*m + 0*m**2 + 203 + m**2 - 2*m**2. Determine o(20).
23
Let f(q) = q**2 - 11*q + 7. Suppose 1129 = -5*d + 174. Let i = d + 201. Give f(i).
-3
Let t(v) = -v**2 - 68 - 17*v + 2*v**2 + 42 + 47 + 41. Calculate t(6).
-4
Let n(h) = -h - 5. Let a be n(-5). Let b be 2*1/2 - (47 - 48). Let l(o) = 7 - b*o**2 + o - 4*o + a*o**2 + o**2. Give l(-5).
-3
Let w(r) = r**2 + 478*r + 9604. Let h be w(-21). Let i(z) be the third derivative of -z**4/24 - 2*z**3/3 - z**2. Determine i(h).
-11
Let t(q) = 3*q**3 - 34*q**2 + 21*q - 10. Let z(v) = -4*v**3 + 45*v**2 - 28*v + 14. Let w(h) = -13*t(h) - 10*z(h). Calculate w(5).
-50
Let r(f) = f + 8. Suppose 99*n - 97*n - 6 = 0. Suppose q - d - 12 = 4*d, q = n*d + 6. Determine r(q).
5
Let w be (-11)/(297/(-6)) - 338/(-18). Suppose -24 = r - w. Let t(s) = -s**3 - 5*s**2 - 4*s + 3. Give t(r).
23
Suppose 6*a + 3 = 21. Suppose x + 17 = 3*g, 0*x + 5*x + a*g = -13. Let v(o) = -o**3 - 6*o**2 - 8*o - 5. Determine v(x).
10
Let r be (-2)/2*(-180)/60. Let f(m) = 4 - 1 + 3*m + 117*m**3 + r*m**2 - 118*m**3. Give f(4).
-1
Let j(d) = d**2 - 2*d**2 + 0*d**2 + 5*d. Let c be 1 - ((-18)/2 - 2). Suppose c*s = 17*s - 30. Give j(s).
-6
Let x(r) = 2*r**2 + 4*r + 1. Let l = -180 - -206. Suppose -l*a - 57 = -7*a. Determine x(a).
7
Let r(f) = -43 - 28 - 24 + 76 + 6*f. Determine r(5).
11
Let j(u) = -u. Let l = -333 + 569. Let y = l - 233. Determine j(y).
-3
Suppose 2*c = 2*k - 12, -2*c - 1 - 5 = 0. Let t(f) = -5*f**2 + 70 + 70 - 5*f - f**k - 136 - 2*f**3 + 4*f**3. Determine t(5).
-21
Let k(q) = q**3 - 5*q**2 - 3*q - 8. Suppose z + 362 = 4*v, 2*v - 47 = z + 133. Suppose -w = v - 97. Calculate k(w).
10
Let c = -4 - -8. Suppose -4*d = -d - 3*a - 21, -3*a + 21 = c*d. Let l(u) = 17*u - 9*u + 5*u - 2*u - 10*u. What is l(d)?
6
Let s(n) = n + 32. Let d(u) = -278*u + 4178. Let t be d(15). What is s(t)?
40
Let z(u) = 0*u**3 + 2199 + u - 4321 - u**3 - 29*u**2 + 2140. What is z(-29)?
-11
Let j(a) = -16*a - 13. Let n(t) = 14*t + 6. Let x(b) = 2*j(b) + 3*n(b). What is x(2)?
12
Suppose -3*s + 4*g = -19, 4*s - 5*g + g = 32. Suppose -2*w + v = -3 - 11, w - 2*v - s = 0. Let l(i) = -4*i + 1. What is l(w)?
-19
Suppose 418*v - 20 = 413*v - 5*l, -v = -3*l - 12. Let a(s) = -s + 4*s - 2*s - 9 + 0. Give a(v).
-3
Let w(t) be the third derivative of -t**6/360 - t**5/30 - t**4/12 - 55*t**3/6 + t**2 - 14. Let y(b) be the first derivative of w(b). What is y(-6)?
-14
Let z(a) = -4*a**2 + 5*a - 6. Let y(m) = m**3 + m - 1. Let p(j) = -y(j) + z(j). Let r = -57981 - -57976. What is p(r)?
0
Let o(v) = 1 - 4 - 14 + 53*v - 29*v - 25*v. What is o(-4)?
-13
Let l(j) = 29*j - 45. Let a(y) = 24*y - 38. Let z(x) = 6*a(x) - 5*l(x). Let p be 7 - ((-1)/1 + 1). Let v be (p/4)/(1/(-4)). Give z(v).
4
Let d(w) = -6*w + 15. Let h be (2/4)/(1/(-4))*(-63)/(-42). Determine d(h).
33
Let p(a) = 2*a - 5*a + 0*a - 29 - 55. Let l be p(-26). Let w(r) = -r**3 - 5*r**2 + 6*r - 5. Give w(l).
-5
Let z(d) = d**3 - 13*d**2 + 11*d + 10. Let j be z(12). Let r be j/2 - (3 - 18/3). Let c(u) = -3 + 8*u - 8*u - u - 3*u**r - u**3. What is c(-3)?
0
Suppose -3*h + 165 = -5*j + 2*h, 4*h = 5*j + 162. Let a(d) = -d**3 - d**2 + d - 3. Let k be a(3). Let g = k - j. Let v(f) = f + 4. Calculate v(g).
-2
Suppose 3*o = -9, -163*o + 164*o - 3 = 3*w. Let l(u) = 2*u**3 + 3*u**2 + 10*u + 4. Calculate l(w).
-20
Let v(y) = y**3 - 13*y**2 + 2*y - 31. Suppose 0 = -102*m + 229*m - 1651. Determine v(m).
-5
Suppose -8 = -2*o + 28. Suppose 0 = 3*l + o - 27. Let a(c) be the second derivative of c**4/6 - c**3/2 - 3*c**2/2 + 5*c + 6. Determine a(l).
6
Suppose -j + 0*j + 5 = 3*p, -5*p = 2*j - 9. Let h(r) = -301 - j*r + 152 + 154. What is h(-1)?
7
Let b(t) be the third derivative of 0 - 1/30*t**6 + 3*t**2 - 18*t + 0*t**5 + 0*t**3 + 0*t**4. Calculate b(-1).
4
Suppose 11*m = 13*m - 236. Let z = 134 - m. Let x(c) = -14 - c**2 + 5 + z - 5*c. What is x(-7)?
-7
Let u(i) be the third derivative of i**6/120 - 3*i**5/20 - i**4/12 + i**3/6 + i**2. Suppose -105*q + 384 = -561. Calculate u(q).
-17
Let n(l) = -617*l + 1858*l + 386 - 642*l - 629*l + 29. Calculate n(14).
-5
Let n(o) = -2*o + 381 - 5*o**2 - 206 - 172 + o**3. Let j(f) = -2*f + 17. Let c be j(6). Calculate n(c).
-7
Let k be ((-5)/(-4))/(294/(-1176)). Let p(o) = -o**2 - 16*o - 61. Calculate p(k).
-6
Let k(x) be the third derivative of x**4/12 + x**2 - 80*x. Let f(j) = -j**2 + 9*j - 12. Let o be f(7). Determine k(o).
4
Let p(k) = -3*k**2 - 28*k - 58. Suppose 0 = w + 7, -26*v = -14*v + 4*w + 100. Determine p(v).
2
Let q(n) = -9 - 44*n**2 + 13*n + 19*n**2 + 21*n**2. Determine q(3).
-6
Let z(o) = -o**3 - 4*o**2 - 2*o - 6. Let c be z(-4). Let x = 353 + -196. Let v(n) = 157 + n**2 - x. What is v(c)?
4
Let l(x) = 0 + x**2 + 3*x**2 - x**3 - 1. Let v(q) = -q. Let t be v(-4). Suppose -t*p + 6 = -2. Calculate l(p).
7
Let x(s) = -3*s - 3. Suppose 0 = -4*p - 81 - 143. Let i = 53 + p. What is x(i)?
6
Let h(y) = -2*y**2 + 14*y - 8. Let u(l) = 3*l + 24. Let s be (1/(-1) - 3)/((-8)/(-12)). Let x be u(s). Let g be h(x). Let o(w) = w**2 - 5*w + 4. What is o(g)?
0
Let x be 0/(0/1 - 2). Let n = 6 + x. Let h(b) = n*b**3 - 7*b**3 - 4*b**2 - 3 + 7. What is h(-3)?
-5
Let m(i) = 7*i**2 + 3*i - 12. Let x(t) = 8*t**2 + 2*t - 13. Let w(z) = 7*m(z) - 6*x(z). Let f = -2164 - -2155. What is w(f)?
-6
Let o(l) = 277*l + 112. Let b(w) = -128*w. Let z(u) = -2*b(u) - o(u). Determine z(-5).
-7
Let q(s) be the first derivative of s**4/2 + 10*s**3/3 + 9*s**2/2 + 35*s - 433. Determine q(-5).
-10
Let h(j) be the third derivative of -j**5/60 + 5*j**4/12 - 29*j**3/6 - 3984*j**2. Determine h(7).
-8
Let n(t) = -t**3 - 11*t**2 - 12*t + 8. Let l be -14*(0 - (28/8 - 3)). Let h(w) = -3*w**3 - 32*w**2 - 36*w + 26. Let k(y) = l*n(y) - 2*h(y). Calculate k(-12).
4
Let j(r) = -5*r**2 + 198*r + 74. Let i be 216/(-72)*(320/6)/(-4). What is j(i)?
-6
Let w(b) be the third derivative of -b**6/120 - 3*b**5/20 - 3*b**4/8 - 5*b**3/6 - 2*b**2 - 52*b. Let s be (-96)/18*(-6)/(-4). Calculate w(s).
3
Let p(y) be the first derivative